, what is -2040 - 2?
-2042
In base 13, what is 3 + -24?
-21
In base 10, what is -19 - 18?
-37
In base 16, what is -17 - 7?
-1e
In base 10, what is 1295 - 0?
1295
In base 5, what is -2 - -40?
33
In base 2, what is 100 - 10110?
-10010
In base 8, what is 0 - -46?
46
In base 7, what is 25 - -4?
32
In base 11, what is 5 + 2a9?
303
In base 7, what is -111 - 2?
-113
In base 8, what is 3 + 417?
422
In base 14, what is 3 + 17?
1a
In base 16, what is -1 - 8c?
-8d
In base 13, what is 2 - 4?
-2
In base 6, what is -2 + 43?
41
In base 5, what is -14 - 11?
-30
In base 14, what is -14 - -4?
-10
In base 3, what is -12002 - -101?
-11201
In base 7, what is -3 - 11021?
-11024
In base 12, what is -a - 60?
-6a
In base 4, what is 1 - 22311?
-22310
In base 3, what is 12110 + -2?
12101
In base 11, what is 1 + 2148?
2149
In base 4, what is 12 - 30130?
-30112
In base 16, what is 9 + -1a?
-11
In base 9, what is -4 - -20?
15
In base 3, what is 1220 + 122?
2112
In base 2, what is 101 - -10001110?
10010011
In base 11, what is -178 + -4?
-181
In base 12, what is 4 - -9?
11
In base 10, what is -94 + -4?
-98
In base 6, what is -23450 - -5?
-23441
In base 5, what is 1034 + 2?
1041
In base 10, what is -4 + -96?
-100
In base 2, what is -10100 + 101?
-1111
In base 4, what is -1 - -1313?
1312
In base 11, what is 4 - 241?
-238
In base 12, what is -3 + 407?
404
In base 14, what is 7 - 21?
-18
In base 5, what is 34444 + 4?
40003
In base 4, what is 11230 - 10?
11220
In base 11, what is 12 - -19?
30
In base 6, what is 423 - -215?
1042
In base 3, what is 12 + 22111?
22200
In base 14, what is -c9 - 3?
-cc
In base 13, what is -428c + 0?
-428c
In base 6, what is 53424 - -2?
53430
In base 7, what is -2 + 26?
24
In base 7, what is -4 - -4563?
4556
In base 14, what is ab - 11?
9a
In base 2, what is -1000110100011 - -100?
-1000110011111
In base 2, what is 1110100010 - 1?
1110100001
In base 14, what is -7c - 1?
-7d
In base 10, what is 23 + 368?
391
In base 7, what is 6 + -11012?
-11003
In base 12, what is -4b5 - -12?
-4a3
In base 4, what is -12221 + -11?
-12232
In base 16, what is fc - 11?
eb
In base 15, what is -d0 + -19?
-e9
In base 8, what is -22 + 27?
5
In base 11, what is 1 - -39?
3a
In base 9, what is -38 + 5?
-33
In base 10, what is 4 + -40?
-36
In base 10, what is 413 + -3?
410
In base 13, what is 64b + 5?
653
In base 11, what is -2 - 1a4?
-1a6
In base 7, what is 103 + -3?
100
In base 6, what is 0 + -134?
-134
In base 11, what is 6 - 10?
-5
In base 9, what is -36 - -13?
-23
In base 15, what is 19 + 7?
21
In base 12, what is 6 - -82?
88
In base 16, what is c7c + 0?
c7c
In base 11, what is -1 + -236?
-237
In base 4, what is 2 + -1?
1
In base 6, what is -55 + -152?
-251
In base 6, what is -1000 + -10?
-1010
In base 13, what is 1 + 138?
139
In base 14, what is 70 + -5?
69
In base 6, what is 1015 - -24?
1043
In base 3, what is 111022 + -121?
110201
In base 5, what is 14 - -2?
21
In base 6, what is -23 + -12?
-35
In base 2, what is -11 + -1100110?
-1101001
In base 8, what is -222 + -6?
-230
In base 7, what is -36 - -11?
-25
In base 7, what is -160 + 103?
-54
In base 5, what is 42 - 30?
12
In base 12, what is -18 + -6?
-22
In base 15, what is 18 - -8?
21
In base 10, what is 10 + 533?
543
In base 13, what is -10 + 128?
118
In base 10, what is -42 - 72?
-114
In base 4, what is 2 + 1231230?
1231232
In base 3, what is -11212 + 11?
-11201
In base 9, what is 368 - -25?
404
In base 12, what is 69 + 0?
69
In base 16, what is 663 - -3?
666
In base 12, what is -6 + -25b?
-265
In base 8, what is -3 + 1162?
1157
In base 13, what is 1859 + 1?
185a
In base 9, what is 358 + -5?
353
In base 4, what is 12 - 1220011?
-1213333
In base 2, what is 101111010101100 + -11?
101111010101001
In base 10, what is -265 + -5?
-270
In base 14, what is -1 - -2ca?
2c9
In base 15, what is 39b + 5?
3a1
In base 6, what is 3351 + -5?
3342
In base 13, what is 6 - -31?
37
In base 13, what is -2b9 + -23?
-30c
In base 9, what is 1 + 22?
23
In base 3, what is 1121 + -101?
1020
In base 6, what is -531 + 4?
-523
In base 13, what is 20 - -3?
23
In base 14, what is 128 + -5?
123
In base 13, what is -9 - 21?
-2a
In base 7, what is 0 - 3366?
-3366
In base 13, what is 5 + 175?
17a
In base 3, what is -11 + 10001210?
10001122
In base 3, what is 1011 + 10?
1021
In base 7, what is 155 - 2?
153
In base 4, what is 3 - 3023?
-3020
In base 14, what is -6 - -2c?
26
In base 3, what is -21 + 10100?
10002
In base 10, what is -1 + -27?
-28
In base 16, what is 5a4 - 2?
5a2
In base 7, what is 4 - 2244?
-2240
In base 13, what is -99 + -4?
-a0
In base 3, what is -1021 + 221?
-100
In base 5, what is 2 - -2303?
2310
In base 5, what is -4 + -3422?
-3431
In base 5, what is -231 - -32?
-144
In base 15, what is -d - -3b?
2d
In base 5, what is -2121 + -210?
-2331
In base 3, what is 11101221 - -2?
11102000
In base 6, what is 244 + 112?
400
In base 16, what is -2 + -1ba?
-1bc
In base 4, what is -12 + -10130?
-10202
In base 6, what is -21 + -20?
-41
In base 3, what is 221 - -22112?
100110
In base 12, what is -a - -78?
6a
In base 5, what is -114 - 3?
-122
In base 11, what is -308 + -4?
-311
In base 3, what is 20 + -22?
-2
In base 14, what is -cd - 1?
-d0
In base 3, what is 1010 + -12200?
-11120
In base 5, what is 123424 - 2?
123422
In base 9, what is -76 + -8?
-85
In base 9, what is 5 + -632?
-626
In base 15, what is 3 + -499?
-496
In base 14, what is -126 + -1?
-127
In base 3, what is 120 + -2?
111
In base 10, what is 8 + -5?
3
In base 8, what is 3 + 301?
304
In base 13, what is -2 - -b6?
b4
In base 16, what is -3 - -3b?
38
In base 9, what is 8 - 82?
-73
In base 14, what is 2 + 43?
45
In base 16, what is -30 - 5?
-35
In base 4, what is 11 + -1031?
-1020
In base 3, what is 2210010 + -10?
2210000
In base 3, what is -111012 - -220?
-110022
In base 9, what is -3 - 34?
-37
In base 11, what is -916 + 10?
-906
In base 12, what is -1 - 329?
-32a
In base 2, what is 11 + 10000011110001?
10000011110100
In base 10, what is 78 + -85?
-7
In base 11, what is -4 + 1141?
1138
In base 13, what is 2b + 2?
30
In base 9, what is -12 - -6?
-5
In base 7, what is 1 - 160?
-156
In base 12, what is -411 - 2?
-413
In base 5, what is -12 + 1213?
1201
In base 9, what is -574 + -13?
-587
In base 4, what is 332110 - 3?
332101
In base 4, what is 10131 - -12?
10203
In base 11, what is 5 - 34?
-2a
In base 6, what is -51 - -2?
-45
In base 5, what is -2 + 1304?
1302
In base 8, what is 51636 + -2?
51634
In base 5, what is -22234 + 10?
-22224
In base 9, what is -1 - -36?
35
In base 3, what is -10101100 + 2?
-10101021
In base 6, what is 343 + -10?
333
In base 13, what is 54a7 - 2?
54a5
In base 7, what is -1 + -1036?
-1040
In base 14, what is 19 - 8?
11
In base 10, what is 3805 - 2?
3803
In base 5, what is 344 + -12?
332
In base 14, what is 1 + b1?
b2
In base 4, what is 12213 + -21?
12132
In base 2, what is 1000111 - -1010111?
10011110
In base 12, what is 1b13 + 5?
1b18
In base 8, what is 27 - 64?
-35
In base 13, what is -2 + -838?
-83a
In base 4, what is 103 - 20?
23
In base 10, what is 203 + 5?
208
In base 10, what is -6938 + 4?
-6934
In base 7, what is 0 + -101?
-101
In base 6, what is 0 + -1454?
-1454
In base 2, what is 10001001 - 11?
10000110
In base 4, what is 131 - 13?
112
In base 12, what is -56 - -6?
-50
In base 14, what is -c + -63?
-71
In base 12, what is -5 - 4a?
-53
In base 15, what is -181 + 5?
-17b
In base 10, what is -174 + 4?
-170
In base 15, what is -3 - 1e?
-22
In base 7, what is 135 - -45?
213
In base 4, what is 211 + -323?
-112
In base 12, what is 0 - 16a?
-16a
In base 9, what is -1014 + 5?
-1008
In base 13, what is -1 - 180?
-181
In base 13, what is 3 + -16?
-13
In base 9, what is -43 + -8?
-52
In base 9, what is 68 + -83?
-14
In base 5, what is 30242 - 0?
30242
In base 16, what is -b3a + 1?
-b39
In base 9, what is -27 + -20?
-47
In base 6, what is 44 + -2442?
-2354
In base 13, what is 27 + -27?
0
In base 14, what is -4 - -514?
510
In base 16, what is 5fe - 5?
5f9
In base 11, what is 2610 - -4?
2614
In base 9, what is -37 - -6?
-31
In base 9, what is -2 + -528?
-531
In base 7, what is 51 + -1535?
-1454
In base 9, what is 1 - -104?
105
In base 7, what is -25 + -602?
-630
In base 3, what is -22 + 2102?
2010
In base 10, what is -13 - 18?
-31
In base 7, what is -405 - -2?
-403
In base 1